
What is the highest common divisor of 8386 and 210?
14
What is the highest common factor of 50204 and 3388?
308
Calculate the highest common divisor of 4005 and 13439.
89
What is the greatest common factor of 36820 and 140?
140
Calculate the greatest common divisor of 1858402 and 14.
14
Calculate the highest common factor of 6 and 35842.
2
What is the greatest common factor of 3724 and 1162?
14
What is the greatest common divisor of 70253 and 20864?
163
What is the highest common divisor of 3952 and 1178?
38
Calculate the greatest common divisor of 6888 and 5576.
328
What is the greatest common factor of 169 and 290706?
13
What is the greatest common factor of 639 and 15462?
9
Calculate the highest common divisor of 427804 and 76.
76
Calculate the highest common factor of 936 and 489.
3
What is the highest common divisor of 2640 and 1860?
60
What is the greatest common factor of 12189 and 1632?
51
What is the highest common factor of 1767732 and 48?
12
What is the highest common factor of 45 and 494100?
45
What is the greatest common divisor of 542475 and 450?
225
What is the highest common factor of 5811 and 252704?
149
What is the greatest common divisor of 8476 and 10921?
163
Calculate the greatest common factor of 68 and 12393.
17
What is the greatest common factor of 5166 and 8282?
82
Calculate the greatest common divisor of 17618 and 230.
46
Calculate the greatest common divisor of 1695441 and 3652.
913
What is the greatest common factor of 46886 and 2618?
238
What is the greatest common divisor of 1 and 12853?
1
What is the greatest common divisor of 177377 and 89?
89
Calculate the highest common factor of 4500 and 140.
20
What is the highest common divisor of 400 and 1376?
16
What is the greatest common divisor of 851968 and 832?
832
What is the highest common divisor of 7 and 552223?
7
Calculate the greatest common factor of 17658 and 13122.
162
Calculate the highest common factor of 376 and 6936.
8
Calculate the greatest common divisor of 101579 and 13587.
647
What is the highest common factor of 25465 and 33?
11
What is the greatest common divisor of 78116 and 1986?
662
Calculate the highest common factor of 11536 and 1260.
28
What is the greatest common factor of 287984 and 3772?
164
What is the highest common factor of 1092 and 32676?
84
Calculate the highest common factor of 9702 and 906.
6
Calculate the greatest common divisor of 3 and 74670.
3
Calculate the greatest common factor of 7006 and 837.
31
What is the highest common factor of 8 and 5068048?
8
What is the highest common divisor of 16 and 2945168?
16
What is the greatest common factor of 39444 and 2774?
38
Calculate the greatest common factor of 1672 and 6536.
152
What is the highest common factor of 198030 and 287?
287
What is the greatest common factor of 18998 and 25842?
118
Calculate the greatest common factor of 7128 and 18792.
648
Calculate the greatest common factor of 572 and 659945.
143
What is the highest common factor of 9 and 1965537?
9
What is the highest common factor of 10728 and 4032?
72
What is the highest common factor of 1280 and 67520?
320
What is the highest common divisor of 349938 and 18?
18
Calculate the greatest common divisor of 136452 and 15936.
996
What is the highest common divisor of 60 and 54195?
15
What is the greatest common factor of 3612 and 262644?
516
What is the highest common divisor of 88 and 199568?
8
Calculate the greatest common factor of 468 and 29718.
234
What is the greatest common factor of 111325 and 150?
25
Calculate the greatest common factor of 2170 and 8432.
62
What is the greatest common factor of 202420 and 696?
116
What is the greatest common divisor of 204267 and 685?
137
What is the greatest common factor of 57366 and 180?
18
What is the highest common factor of 48 and 90808?
8
Calculate the greatest common factor of 29162 and 28.
14
What is the greatest common factor of 227504 and 12744?
472
What is the greatest common divisor of 858 and 1144?
286
Calculate the highest common divisor of 763 and 887151.
109
What is the highest common divisor of 3012529 and 3783?
1261
What is the highest common divisor of 16740 and 162?
54
What is the highest common factor of 93330 and 51?
51
What is the greatest common factor of 124 and 11873?
31
What is the greatest common divisor of 10 and 184660?
10
What is the greatest common factor of 7214 and 18?
2
What is the greatest common divisor of 128 and 144?
16
Calculate the greatest common factor of 3 and 178122.
3
What is the greatest common divisor of 75428 and 10900?
436
What is the greatest common factor of 1441 and 341386?
131
Calculate the highest common divisor of 713 and 23092.
23
What is the greatest common factor of 14875 and 19040?
595
Calculate the highest common divisor of 295 and 245.
5
Calculate the greatest common factor of 276 and 2573148.
276
Calculate the highest common factor of 4316 and 97136.
52
Calculate the greatest common divisor of 32482 and 4360.
218
Calculate the highest common divisor of 60 and 2353220.
20
Calculate the greatest common factor of 207 and 15157.
23
What is the greatest common factor of 6 and 518406?
6
What is the greatest common factor of 3 and 15055?
1
What is the highest common divisor of 334940 and 80?
20
What is the greatest common divisor of 15 and 692574?
3
What is the greatest common divisor of 99311 and 47?
47
Calculate the highest common factor of 112 and 93912.
56
Calculate the highest common divisor of 323 and 8143.
17
What is the highest common divisor of 1205 and 965687?
241
Calculate the greatest common factor of 143 and 82849.
13
Calculate the greatest common divisor of 116 and 11948.
116
What is the highest common divisor of 336 and 53046?
42
What is the highest common factor of 2086 and 240784?
298
Calculate the highest common divisor of 1578 and 557823.
789
What is the greatest common divisor of 6216 and 14616?
168
Calculate the greatest common divisor of 304 and 19248.
16
What is the highest common factor of 51490 and 570?
190
What is the highest common divisor of 46492 and 2124?
236
What is the highest common factor of 26467 and 7847?
133
Calculate the highest common divisor of 82155 and 30.
15
Calculate the highest common divisor of 20 and 208390.
10
What is the greatest common divisor of 35758 and 152?
38
What is the greatest common divisor of 132 and 538648?
44
What is the highest common factor of 707 and 53?
1
Calculate the highest common divisor of 29746 and 2996.
214
What is the greatest common factor of 20450 and 24650?
50
What is the highest common divisor of 1086 and 1698?
6
What is the greatest common divisor of 98 and 45864?
98
Calculate the highest common factor of 840 and 28392.
168
Calculate the greatest common factor of 151905 and 8528.
533
Calculate the highest common factor of 2244 and 462.
66
What is the highest common factor of 3800 and 561640?
760
Calculate the highest common factor of 68976 and 2395.
479
Calculate the highest common divisor of 750 and 4656250.
250
Calculate the greatest common divisor of 4617 and 72.
9
Calculate the highest common factor of 1963 and 376443.
151
Calculate the highest common divisor of 72555 and 345.
15
What is the greatest common factor of 144 and 1488?
48
Calculate the highest common divisor of 8004 and 24244.
116
What is the greatest common divisor of 25122 and 1027?
79
Calculate the highest common divisor of 116 and 26941.
29
Calculate the greatest common divisor of 186 and 124682.
62
What is the highest common divisor of 61032 and 24?
24
Calculate the highest common divisor of 147388 and 12.
4
Calculate the greatest common divisor of 5298535 and 110.
55
Calculate the greatest common divisor of 322320 and 40.
40
What is the greatest common factor of 51 and 73389?
51
What is the highest common factor of 278 and 116899?
139
Calculate the greatest common factor of 109977 and 14.
7
Calculate the greatest common factor of 2528 and 96.
32
What is the highest common factor of 3748 and 8?
4
What is the highest common factor of 24839 and 5894?
421
Calculate the highest common factor of 64268 and 12.
4
What is the highest common factor of 14 and 32459?
7
Calculate the highest common factor of 102 and 5746.
34
What is the greatest common divisor of 30 and 87645?
15
Cal